61711?
6
What is the units digit of 2507060?
0
What is the ten thousands digit of 33121176?
2
What is the millions digit of 3040876?
3
What is the hundred thousands digit of 4415124?
4
What is the ten thousands digit of 27252?
2
What is the thousands digit of 16908953?
8
What is the units digit of 620718?
8
What is the hundreds digit of 1380317?
3
What is the hundreds digit of 22232121?
1
What is the thousands digit of 3978674?
8
What is the thousands digit of 17997675?
7
What is the units digit of 149080?
0
What is the ten millions digit of 22394687?
2
What is the hundreds digit of 404933?
9
What is the units digit of 122236?
6
What is the tens digit of 2876194?
9
What is the units digit of 11703773?
3
What is the millions digit of 1241020?
1
What is the tens digit of 136257?
5
What is the hundred thousands digit of 535918?
5
What is the tens digit of 1111624?
2
What is the hundreds digit of 13029512?
5
What is the ten thousands digit of 14124?
1
What is the thousands digit of 2117379?
7
What is the millions digit of 6101645?
6
What is the ten thousands digit of 3527655?
2
What is the units digit of 15285821?
1
What is the millions digit of 11223311?
1
What is the hundreds digit of 267554?
5
What is the hundred thousands digit of 707872?
7
What is the thousands digit of 504621?
4
What is the ten thousands digit of 5430861?
3
What is the hundreds digit of 170324?
3
What is the tens digit of 319954?
5
What is the hundred thousands digit of 173388?
1
What is the tens digit of 1701800?
0
What is the hundred thousands digit of 188591?
1
What is the ten thousands digit of 403835?
0
What is the millions digit of 6319367?
6
What is the ten thousands digit of 21856?
2
What is the tens digit of 12083831?
3
What is the thousands digit of 717337?
7
What is the hundreds digit of 1803517?
5
What is the thousands digit of 4683600?
3
What is the thousands digit of 392428?
2
What is the hundreds digit of 1675226?
2
What is the hundred thousands digit of 7188861?
1
What is the hundreds digit of 247956?
9
What is the units digit of 1267913?
3
What is the tens digit of 36822?
2
What is the hundred thousands digit of 208564?
2
What is the hundreds digit of 754168?
1
What is the millions digit of 12161761?
2
What is the thousands digit of 360253?
0
What is the hundred thousands digit of 727123?
7
What is the hundreds digit of 99210?
2
What is the units digit of 554943?
3
What is the hundreds digit of 869956?
9
What is the hundreds digit of 3802424?
4
What is the units digit of 10671391?
1
What is the hundred thousands digit of 2536441?
5
What is the hundred thousands digit of 267678?
2
What is the thousands digit of 157808?
7
What is the millions digit of 1337641?
1
What is the units digit of 170621?
1
What is the hundred thousands digit of 1431994?
4
What is the thousands digit of 583542?
3
What is the tens digit of 170077?
7
What is the hundreds digit of 1437846?
8
What is the hundred thousands digit of 4354443?
3
What is the tens digit of 6376156?
5
What is the tens digit of 13766177?
7
What is the hundreds digit of 3343718?
7
What is the hundred thousands digit of 9776141?
7
What is the hundreds digit of 1596499?
4
What is the hundred thousands digit of 149871?
1
What is the hundreds digit of 3340387?
3
What is the hundred thousands digit of 868786?
8
What is the units digit of 188183?
3
What is the hundred thousands digit of 108697?
1
What is the tens digit of 2053563?
6
What is the millions digit of 2075170?
2
What is the hundred thousands digit of 3577540?
5
What is the hundred thousands digit of 4205019?
2
What is the hundred thousands digit of 129222?
1
What is the hundred thousands digit of 5337867?
3
What is the units digit of 342133?
3
What is the tens digit of 253808?
0
What is the hundreds digit of 8631449?
4
What is the hundred thousands digit of 157116?
1
What is the ten thousands digit of 155856?
5
What is the thousands digit of 10644663?
4
What is the hundreds digit of 33366524?
5
What is the units digit of 428345?
5
What is the tens digit of 6833253?
5
What is the hundred thousands digit of 1908246?
9
What is the hundred thousands digit of 1815369?
8
What is the hundred thousands digit of 321713?
3
What is the hundred thousands digit of 315921?
3
What is the hundred thousands digit of 370883?
3
What is the tens digit of 375384?
8
What is the hundred thousands digit of 10652475?
6
What is the ten thousands digit of 1770521?
7
What is the tens digit of 166772?
7
What is the tens digit of 8508251?
5
What is the thousands digit of 611211?
1
What is the tens digit of 4158911?
1
What is the units digit of 31659?
9
What is the hundred thousands digit of 1362178?
3
What is the tens digit of 19887760?
6
What is the hundreds digit of 131475?
4
What is the hundreds digit of 2484666?
6
What is the tens digit of 93655?
5
What is the hundred thousands digit of 16222971?
2
What is the hundreds digit of 27445779?
7
What is the thousands digit of 336150?
6
What is the hundred thousands digit of 136567?
1
What is the units digit of 441411?
1
What is the units digit of 294223?
3
What is the hundred thousands digit of 991200?
9
What is the tens digit of 235441?
4
What is the thousands digit of 175487?
5
What is the hundreds digit of 12339167?
1
What is the hundreds digit of 9245477?
4
What is the thousands digit of 1671?
1
What is the hundreds digit of 515222?
2
What is the units digit of 25359036?
6
What is the hundred thousands digit of 871725?
8
What is the hundreds digit of 759876?
8
What is the millions digit of 1059249?
1
What is the hundreds digit of 67697?
6
What is the units digit of 241663?
3
What is the units digit of 314354?
4
What is the units digit of 5543999?
9
What is the units digit of 2422672?
2
What is the thousands digit of 1760737?
0
What is the millions digit of 9903161?
9
What is the ten millions digit of 13338670?
1
What is the ten thousands digit of 114243?
1
What is the ten thousands digit of 869423?
6
What is the thousands digit of 673141?
3
What is the thousands digit of 288909?
8
What is the ten millions digit of 11895428?
1
What is the hundreds digit of 2329054?
0
What is the hundreds digit of 91845?
8
What is the hundreds digit of 348732?
7
What is the thousands digit of 3026832?
6
What is the hundred thousands digit of 7066668?
0
What is the tens digit of 8399147?
4
What is the units digit of 770613?
3
What is the units digit of 458647?
7
What is the hundred thousands digit of 6266082?
2
What is the hundred thousands digit of 7014700?
0
What is the thousands digit of 681577?
1
What is the tens digit of 66565?
6
What is the hundreds digit of 659130?
1
What is the hundred thousands digit of 633851?
6
What is the hundreds digit of 2154?
1
What is the ten thousands digit of 338872?
3
What is the hundreds digit of 6979321?
3
What is the ten thousands digit of 3741963?
4
What is the thousands digit of 739223?
9
What is the tens digit of 385309?
0
What is the hundreds digit of 202759?
7
What is the tens digit of 1073938?
3
What is the hundreds digit of 11790738?
7
What is the thousands digit of 5982312?
2
What is the ten thousands digit of 26599448?
9
What is the thousands digit of 4129851?
9
What is the ten thousands digit of 13994870?
9
What is the hundreds digit of 656791?
7
What is the ten thousands digit of 534066?
3
What is the hundred thousands digit of 3081943?
0
What is the thousands digit of 117136?
7
What is the thousands digit of 102595?
2
What is the millions digit of 2344504?
2
What is the units digit of 8493794?
4
What is the units digit of 11456768?
8
What is the thousands digit of 119069?
9
What is the ten thousands digit of 337061?
3
What is the hundreds digit of 28717523?
5
What is the hundreds digit of 19719?
7
What is the units digit of 21363284?
4
What is the hundred thousands digit of 572128?
5
What is the ten thousands digit of 11932862?
3
What is the hundred thousands digit of 530423?
5
What is the thousands digit of 1340809?
0
What is the tens digit of 10575213?
1
What is the units digit of 1944129?
9
What is the units digit of 478087?
7
What is the millions digit of 7006418?
7
What is the thousands digit of 74770?
4
What is the tens digit of 26753?
5
What is the hundred thousands digit of 2053031?
0
What is t